{"id":4,"date":"2012-09-11T09:22:25","date_gmt":"2012-09-11T07:22:25","guid":{"rendered":"http:\/\/www.agatasplace.at\/wp\/?page_id=4"},"modified":"2016-01-28T18:23:45","modified_gmt":"2016-01-28T17:23:45","slug":"behandlungen","status":"publish","type":"page","link":"http:\/\/www.agatasplace.at\/?page_id=4","title":{"rendered":"Behandlungen"},"content":{"rendered":"<h2>Beste Betreuung bei Ihrer pers\u00f6nlichen Behandlung bei Agata`s PLACE:<\/h2>\n<p><strong>Reaction<\/strong><\/p>\n<h4 style=\"text-align: justify;\">Behandlungen mit Verwendung von ReactionTM basieren auf der Technologie der Radiofrequenzen, die im Medizinbereich seit \u00fcber 30 Jahren verwendet wird. Die Radiofrequenzen benutzen Energie mit unterschiedlichen Frequenzen, um so die Temperatur der Dermis und der Epidermis zu erh\u00f6hen. Die Folge ist die Stimulation der Collagen-Produktion, des Eiwei\u00dfes, welches haupts\u00e4chlich f\u00fcr die Hautelastizit\u00e4t verantwortlich ist. So wird die Hautqualit\u00e4t verbessert. Dar\u00fcber hinaus hat die W\u00e4rmeeinwirkung aufgrund der Radiofrequenzen einen positiven Einfluss auf die Fettschicht, die verkleinert wird. Obwohl erste Effekte bereits nach der ersten Behandlung sichtbar sind, setzt ein optimaler Behandlungseffekt eine Serie von Anwendungen voraus. Die Behandlung ist nicht invasiv.<\/h4>\n<h6 style=\"text-align: justify;\">Hautstraffung und Faltenbehandlung<\/h6>\n<h4 style=\"text-align: justify;\"><\/h4>\n<h4 style=\"text-align: justify;\">Die optimale Abstimmung der gew\u00e4hlten Frequenz, Energiest\u00e4rke und integrierten K\u00fchlung erm\u00f6glichen die sichersten und wirksamsten Ergebnisse bei jeder Behandlung. Die d\u00fcnneren, empfindlicheren Bereiche um die Augenh\u00f6hle und an der Stirn werden mit h\u00f6herer Frequenz (niedrigere Eindringtiefe der wirksamen Energie) bei geringstem Diskomfort f\u00fcr den Patienten behandelt, w\u00e4hrend an den dickeren Bereichen wie Wangen, Bauch und R\u00fccken ein Modus mit geringerer Frequenz (h\u00f6here Eindringtiefe der wirksamen Energie) oder der Multi-Kanal-Modus zum Einsatz kommt. Durch die Behandlung mit Reaction\u2122 kommt es zu einer sofortigen Kontraktion der Gewebefasern und damit zu einer unmittelbaren Gl\u00e4ttung und Straffung der Haut.\u00a0 Gleichzeitig f\u00f6rdert Reaction\u2122 eine thermisch induzierte nat\u00fcrliche Kollagenneubildung mit dem Ergebnis einer umfassenden Faltenreduktion.<\/h4>\n<h6 style=\"text-align: justify;\">Umfang-\/Fettreduktion und Hautstrukturverbesserung<\/h6>\n<h4 style=\"text-align: justify;\"><\/h4>\n<h4 style=\"text-align: justify;\">Durch die Erw\u00e4rmung des Unterhautgewebes bilden sich neue Kollagenfasern. Die Dermis (Lederhaut) wird gest\u00e4rkt und gegen das Eindringen von Fettzellen gekr\u00e4ftigt.\u00a0 Gezielte Lipolyseanregung f\u00fchrt zur Reduktion des Volumens der Fettzellen an den behandelten Stellen. Gleichzeitig wird die Blutzirkulation im gesamten behandelten Bereich gef\u00f6rdert.<\/h4>\n<h4 style=\"text-align: justify;\">Um die Behandlung zu intensivieren, werden beim Multi-Kanal-Modus drei verschieden wirksame Frequenzen gleichzeitig abgegeben und mit dem Vakuum kombiniert. Die Radiofrequenz kann so noch tiefer in das Gewebe eindringen und erm\u00f6glicht dadurch eine homogen verteilte thermische Reaktion.<\/h4>\n<p>&nbsp;<\/p>\n<p style=\"text-align: justify;\"><strong>Mesotherapie<\/strong><\/p>\n<h6 style=\"text-align: justify;\">Faltenreduktion und Hautstraffung<\/h6>\n<h4 style=\"text-align: justify;\"><\/h4>\n<h4 style=\"text-align: justify;\">Als nadellose Alternative zu konventionellen Injektionstechniken bei der Mesotherapie und m\u00f6glichen Risiken einer Schwellung oder Infektion, hat sich die Mesoporation als neues Verfahren entwickelt. Bei diesem injektionsfreien Verfahren werden mit Hilfe eines Elektrofeldes Mikrokan\u00e4le in der Haut geschaffen, die durch kurze Umstrukturierung der Zellmembranen entstehen und sich nachher wieder verschlie\u00dfen. Durch diese ge\u00f6ffneten Kan\u00e4le k\u00f6nnen medizinische und kosmetische Wirkstoffe optimal in das Gewebe eingeschleust werden und entfalten in der Tiefe ihre Wirkung. Dadurch kommt es zur Kollagenregeneration und somit zur Faltenreduktion sowie Hautstraffung.<\/h4>\n<h6 style=\"text-align: justify;\">Hautunreinheiten und Akne verschwinden, die Haut wird kleinporiger.<\/h6>\n<h4 style=\"text-align: justify;\"><\/h4>\n<h4 style=\"text-align: justify;\">Durch die optimale Aufnahme der eingeschleusten Wirkstoffe in Haut un Gewebe sind bereits nach der ersten Behandlung Erfolge sichtbar. Vier bis f\u00fcnf Behandlungen in einem zweiw\u00f6chigen Abstand f\u00fchren zum gew\u00fcnschten Therapieerfolg. Eine optimale Vorbereitung f\u00fcr die nadellose Mesotherapie ist die Mikrodermabrasion oder das Diamantenpeeling. Dabei werden Verhornungen und Verunreinigungen der Haut abgetragen und die Zellregeneration sowie die Kollagen- und Elastinproduktion angeregt.<\/h4>\n<h4 style=\"text-align: justify;\">Diese neue Mesotherapie ist f\u00fcr alle zu empfehlen, die eine Abneigung gegen\u00fcber Nadeln und Spritzen haben und sichtbare Ergebnisse ohne chirurgische Ma\u00dfnahmen erreichen wollen.<\/h4>\n<p>&nbsp;<\/p>\n<p style=\"text-align: left;\"><strong>Microdermabrasion<\/strong><\/p>\n<h6 style=\"text-align: justify;\">Microdermabrasion f\u00fcr ein sch\u00f6neres Hautbild<\/h6>\n<h4 style=\"text-align: justify;\"><\/h4>\n<h4 style=\"text-align: justify;\">Die oberste Schicht in unserer Haut, die Epidermis, produziert fortlaufend Zellen. Bei einer jungen Haut wandern die neu produzierten Zellen innerhalb von 28 Tagen an die Hautoberfl\u00e4che. Manche der Zellen, die oben angekommen sind l\u00f6sen sich von allein, viele bleiben aber haften. Sie sind mitverantwortlich f\u00fcr Unreinheiten, f\u00fcr einen stumpfen Teint, f\u00fcr Komedonen u. v. m. Sie riegeln die Hautoberfl\u00e4che ab, wie ein Ziegeldach. Wirkstoffe k\u00f6nnen nicht eindringen und die Haut erh\u00e4lt eine immer gr\u00f6bere Struktur.<\/h4>\n<h4 style=\"text-align: justify;\">Die Microdermabrasion ist ein hocheffektives Verfahren um dieses Ziegeldach zu entfernen und so die Haut von Verhornungen, Pigmenten und kleinen F\u00e4ltchen oder Narben zu befreien.<\/h4>\n<h4 style=\"text-align: justify;\">Die Diamant-Microdermabrasion ist eine sanfte Variante der Hauterneuerung, sie ist f\u00fcr alle Hauttypen geeignet. Die unterschiedlichen feinen hygienischen Diamant-Behandlungsk\u00f6pfe werden je nach Hautbild \u00fcber die Haut gef\u00fchrt. Im Vergleich zu einem klassischen Peeling erfolgt mit diesem Ger\u00e4t eine gezielte und absolut kontrollierte Abtragung der Hornschicht, Pigmente und Narben.\u00a0Nicht umsonst ist die Diamant-Microdermabrasionsbehandlung bei den Hollywoodstars in den USA auf der Beliebtheitsskala ganz oben.\u00a0Pristine Diamant Mikrodermabrasion entspricht den h\u00f6chsten Qualit\u00e4tsanforderungen und sorgt so f\u00fcr sichere und wirksame Behandlungen bei jedem Kunden.<\/h4>\n","protected":false},"excerpt":{"rendered":"<p>Beste Betreuung bei Ihrer pers\u00f6nlichen Behandlung bei Agata`s PLACE: Reaction Behandlungen mit Verwendung von ReactionTM basieren auf der Technologie der Radiofrequenzen, die im Medizinbereich seit \u00fcber 30 Jahren verwendet wird. Die Radiofrequenzen benutzen Energie mit unterschiedlichen Frequenzen, um so die Temperatur der Dermis und der Epidermis zu erh\u00f6hen. Die Folge ist die Stimulation der Collagen-Produktion, [&hellip;]<\/p>\n","protected":false},"author":1,"featured_media":0,"parent":0,"menu_order":0,"comment_status":"closed","ping_status":"closed","template":"","meta":{"ngg_post_thumbnail":0,"footnotes":""},"class_list":["post-4","page","type-page","status-publish","hentry"],"_links":{"self":[{"href":"http:\/\/www.agatasplace.at\/index.php?rest_route=\/wp\/v2\/pages\/4","targetHints":{"allow":["GET"]}}],"collection":[{"href":"http:\/\/www.agatasplace.at\/index.php?rest_route=\/wp\/v2\/pages"}],"about":[{"href":"http:\/\/www.agatasplace.at\/index.php?rest_route=\/wp\/v2\/types\/page"}],"author":[{"embeddable":true,"href":"http:\/\/www.agatasplace.at\/index.php?rest_route=\/wp\/v2\/users\/1"}],"replies":[{"embeddable":true,"href":"http:\/\/www.agatasplace.at\/index.php?rest_route=%2Fwp%2Fv2%2Fcomments&post=4"}],"version-history":[{"count":12,"href":"http:\/\/www.agatasplace.at\/index.php?rest_route=\/wp\/v2\/pages\/4\/revisions"}],"predecessor-version":[{"id":595,"href":"http:\/\/www.agatasplace.at\/index.php?rest_route=\/wp\/v2\/pages\/4\/revisions\/595"}],"wp:attachment":[{"href":"http:\/\/www.agatasplace.at\/index.php?rest_route=%2Fwp%2Fv2%2Fmedia&parent=4"}],"curies":[{"name":"wp","href":"https:\/\/api.w.org\/{rel}","templated":true}]}}